actors of i.
2, 3
Suppose 5*a + 5*p + 35 = 0, 0 = 5*a - 2*a + 5*p + 27. What are the prime factors of a/(-6)*(79 + 2)*1?
2, 3
Suppose 0 = 16*m - 4*m + 636. Let s = 140 + m. List the prime factors of s.
3, 29
Let x(b) = -b**3 - b**2 + 2*b + 155. Let k = 94 + -94. What are the prime factors of x(k)?
5, 31
Let o = 7 + -4. Let h = o + -1. Suppose -4*v = h*i - 120, 2*i + 141 = -2*v + 7*v. List the prime factors of v.
29
Let q = 7 - 4. Let o(g) = 2 + 1 - 5*g + 1 + q*g. What are the prime factors of o(-2)?
2
Suppose 100*h = 101*h - 673. List the prime factors of h.
673
What are the prime factors of 8/24 - (3002/(-3) - 1)?
2, 3, 167
Let r(u) = -50*u - 93. List the prime factors of r(-33).
3, 173
Suppose 199*f - 204*f + 12880 = 0. What are the prime factors of f?
2, 7, 23
Let u be 1*-2 + (-24)/(-6). Let v(a) = a**3 - 3*a + 3. Let p be v(u). Suppose -3*b = -p*b + 72. List the prime factors of b.
2, 3
Let p = -945 + 2257. List the prime factors of p.
2, 41
Let g = 359 - 159. What are the prime factors of g?
2, 5
Suppose 137 = 5*l - 4*c, 2*c + 94 = 4*l + 4*c. Suppose 2*k + 23 - 13 = 0. Let y = l + k. What are the prime factors of y?
2, 5
Let i(z) = -z - 9. Let u be i(-13). Suppose -2*p + p = u. What are the prime factors of (36 - 3) + (-1 - p)?
2, 3
Suppose -3*b - 34 = -5*x, x + 2*b + 3 = 2. Suppose -2*y + 0*y + 31 = x*t, -8 = -t - y. Suppose t*j - 13 = -3. What are the prime factors of j?
2
Let g(f) = 2*f - 3. Let k be g(4). Suppose 5*a = -k*r, 10 = a - r - 3*r. Suppose a*v - 34 = 42. List the prime factors of v.
2, 19
Suppose -2*i - 20 = -24. Suppose -2*r = 3*v + i*r - 544, v - 2*r = 188. What are the prime factors of v?
2, 23
Let k be (-106)/10 - (-6)/10. Let h(b) = b**2 + 11*b + 21. List the prime factors of h(k).
11
Suppose -31735 + 6178 = -21*g. What are the prime factors of g?
1217
Let g = -14 - -16. List the prime factors of (g*1)/(20/280).
2, 7
Suppose -331 = -4*f - 59. Let b be 4 + 0 - 76/2. Let d = f + b. What are the prime factors of d?
2, 17
Let l(j) = -j**3 - 50*j**2 + 120*j + 117. List the prime factors of l(-53).
2, 3, 7, 13
Let x = -14 - -16. Suppose -3*q - x*q = -20. Suppose 3*g + g = 0, 15 = 5*z + q*g. What are the prime factors of z?
3
Suppose 3*t = -2*t + 4*h + 3046, 590 = t + 4*h. List the prime factors of t.
2, 3, 101
Suppose 0 = -20*w - 15*w + 21700. List the prime factors of w.
2, 5, 31
Let f(b) = 69*b**2 - 6*b - 6. What are the prime factors of f(-1)?
3, 23
Let h = -80 - -89. Suppose 7*l = h*l - 156. List the prime factors of l.
2, 3, 13
Let s = 54 - -19. Let i = s + -53. List the prime factors of i.
2, 5
Suppose -5*o = -v, -5*v - 2*o + 7*o = -20. Let r(a) = 4*a**2 - 11*a + 6. List the prime factors of r(v).
3, 17
Suppose 4*p = -3*i + 403, 0 = 4*p - 2*p - 4*i - 218. List the prime factors of p.
103
Let b(s) = 7 + s + 7 + s - 3. Let r = 23 - 15. What are the prime factors of b(r)?
3
Let i(t) = t**3 - 12*t**2 + 24*t + 15. What are the prime factors of i(13)?
2, 31
Let h = 799 - 428. List the prime factors of h.
7, 53
Let l = 128 - 184. List the prime factors of 6*52*(-42)/l.
2, 3, 13
What are the prime factors of (-4)/10*-5 + 475?
3, 53
Let s(u) = 2*u**2 - u + 2. Let c be s(-2). Let o be ((-1)/2)/((-2)/c). Let r(p) = 3*p**2 - p - 1. What are the prime factors of r(o)?
23
Suppose 5*w = -5*n + 2000, 5*n - 3*w - 805 = 3*n. What are the prime factors of n?
401
Let q be ((-17)/(-2) - (-36)/(-24)) + -3. Suppose -4*i - 17 = -q*x + 95, -4*x + 112 = -3*i. What are the prime factors of x?
2, 7
Let g be 18/(-12)*((-696)/2 + -2). Suppose -4*l - l + g = 0. What are the prime factors of l?
3, 5, 7
Suppose 5*d - 15 = 5. Let t(m) = -13 - 1 + 4 + d*m. List the prime factors of t(16).
2, 3
Let v = 64 + -61. What are the prime factors of 177 + (6 - v) + -5?
5, 7
Suppose 0 = 5*p + 3*h - 4 + 15, -2*p - 11 = -h. Let o be 0 - 0*p/8. Suppose 3*l - x - 17 = o, -4*x + 23 = 4*l - 5. What are the prime factors of l?
2, 3
Suppose 0 = 101*h - 8380 - 63835. List the prime factors of h.
5, 11, 13
Let k = -3 - -204. Suppose m - 47 = 4*l, 4*m - 4*l - k = -l. List the prime factors of m.
3, 17
Suppose -56*r = -57*r. Suppose r = -4*b + 4*j + 170 + 198, 4*b - 400 = -4*j. What are the prime factors of b?
2, 3
Let c(j) = j**2 - 2*j + 2. Let y(q) be the third derivative of -q**5/60 - 3*q**4/8 - 3*q**3/2 + 4*q**2. Let u be y(-7). What are the prime factors of c(u)?
17
Let x = 19 + -16. List the prime factors of x - (-4 + 4) - -53.
2, 7
Suppose 0 = 4*p - y - 4 + 15, 2*p = 2*y + 2. Let r be (2/p)/((-1)/8). Suppose -2*s - 3*a + 2*a = -63, a = -r*s + 127. List the prime factors of s.
2
Let c(s) = -2*s + 16. Let q be c(0). Let w = -6 + q. Let a(k) = -k**3 + 11*k**2 - 9*k - 6. List the prime factors of a(w).
2
Suppose -g + 346 = -564. What are the prime factors of g?
2, 5, 7, 13
Suppose -4*p + 2*p + 14 = 0. Suppose 5*d + p - 12 = 0. List the prime factors of d - (-35 + 8/(-4)).
2, 19
Let i be ((-12)/(-30))/((-1105)/(-550) + -2). Let x = 25 + -51. Let h = x + i. What are the prime factors of h?
2, 3
Let a = -28 - -54. Suppose 4*s + a = 122. What are the prime factors of s?
2, 3
Suppose d - 1546 = -5*g - 2*d, -2*g = -5*d - 606. Suppose 4*p = 1080 - g. What are the prime factors of p?
193
Let p(c) = -33*c - 8. Let n be p(-3). Let h = n - -26. What are the prime factors of h?
3, 13
Suppose -5*p - 4*i = -6*i - 1172, -p - i + 233 = 0. What are the prime factors of p?
2, 3, 13
Suppose 2*k + 262 - 1691 = -5*l, -2*l + k = -577. Let n = -197 + l. What are the prime factors of n?
2, 3, 5
Let z = -18 - -20. What are the prime factors of (z/8)/((-11)/(-99))*88?
2, 3, 11
Let u = 1632 + -219. What are the prime factors of u?
3, 157
Let j be ((-7)/(-21))/(2/24). Suppose 0 = 2*o + j*o. List the prime factors of o + 1 + 41 + -8.
2, 17
Suppose -5*q + 24 = q. Let h = q + 7. List the prime factors of h.
11
Let d = -5 + -2. Let y = d + 34. Let i = y + 9. What are the prime factors of i?
2, 3
Let d = 505 + 1748. What are the prime factors of d?
3, 751
Let k = 856 - 1210. What are the prime factors of (k/24)/(3/(-12))?
59
Suppose -2*x = -w + 41, -2*x = 2*x - 3*w + 87. List the prime factors of ((-21)/(-14))/((-3)/x).
3
Let f(z) = 58*z**2 - z. Let r = 6 - 5. List the prime factors of f(r).
3, 19
Let q = -15 - -25. Suppose -7*i + q*i - 204 = 0. List the prime factors of i.
2, 17
Suppose t + 215 = 6*t. Let i = t - -18. List the prime factors of i.
61
Let l(c) be the third derivative of 0*c**3 - 1/20*c**5 + 1/120*c**6 - 3*c**2 + 0*c + 0 + 1/24*c**4. List the prime factors of l(3).
3
Let i(a) = 4*a - 7. Let g be 1/((4/1)/(-8)). Let j be (g + 23)/3*1. List the prime factors of i(j).
3, 7
Let f be 5 - (-4 - (-1 + -5)). Suppose 0 = -3*h + f - 0, 105 = 2*d - 3*h. What are the prime factors of d?
2, 3
Let w = -3 - 1. Let a = 7 + w. Suppose a*t = 51 - 9. List the prime factors of t.
2, 7
Suppose 2*k - 7*g = -5*g + 36, 0 = -2*k - 5*g + 15. List the prime factors of k.
3, 5
Let j(k) = -3*k + 22. Let l be j(6). Suppose l*r - 312 = 2*o - 6*o, r + 230 = 3*o. What are the prime factors of o?
7, 11
Let x be 438/(-26) + (-34)/221. List the prime factors of (-18592)/(-238) + 2/x.
2, 3, 13
Suppose 0 = c + 5*a - 0*a - 16, -36 = -5*c - 3*a. Suppose -k + c*k = 5. Let y = 29 - k. List the prime factors of y.
2, 7
Let c(y) = -1115*y + 10. What are the prime factors of c(-1)?
3, 5
Let f(z) be the third derivative of z**5/60 - z**4/12 + 2*z**3 - 2*z**2 + 1. Suppose 4*o - 26 = -2*k - 4, 2*o = 2*k + 26. What are the prime factors of f(o)?
2, 3, 5
What are the prime factors of 7/(-35) - (-7804)/20?
2, 3, 5, 13
Let n(x) = -x**2 + x + 12. Let u be n(4). Suppose i + u*r - 2*r - 251 = 0, -2*r + 472 = 2*i. List the prime factors of i.
241
Suppose -16*j + 11*j + 6610 = 0. List the prime factors of j.
2, 661
Let x be (-3 + (-30)/(-4))/((-9)/(-888)). What are the prime factors of 3/(-2)*x/(-9)?
2, 37
Let i(p) = -13*p - 1. Let u be i(-1). Let h be ((-16)/u)/((-1)/3). Suppose y - 215 = -4*y - 2*w, 172 = 4*y - h*w. List the prime factors of y.
43
Suppose 5*g - 882 = z, 5*g - 8*g + 526 = z. What are the prime factors of (g/4)/((-4)/(-26)) + 1?
7, 41
Suppose -4863 = 27*b - 48414. List the prime factors of b.
1613
Let n(m) = 44*m**3 - m. Let j(x) = -87*x**3 + 2*x. Let c(a) = 6*j(a) + 13*n(a). What are the prime factors of c(1)?
7
List the p